 - 15*l**2 - 15*l + 11. List the prime factors of o(-14).
5
Let d(a) = -a**2 + 9*a - 7. Let v be d(6). What are the prime factors of (6/1)/(-10 + v)?
2, 3
Suppose -2*a = i - 17, -4*i + 20 = -0*i. Suppose -a*g = -g - 105. List the prime factors of g.
3, 7
Let p(x) = 7*x**2 - 3*x + 2. Let b = 12 + -10. List the prime factors of p(b).
2, 3
Suppose -2*l = 10, b + 0*l + l + 13 = 0. Let u = 12 + b. List the prime factors of u.
2
Suppose 5*a = -2*j - 30, -2*j + 3*j = -3*a - 17. Let t = j + 17. List the prime factors of t.
2, 3
Suppose 0 = -5*d - 25, -4*f + 0*d + 5*d + 45 = 0. Suppose -2*y - 51 = -f*y. List the prime factors of y.
17
Let d be 52/14 - 2/(-7). Suppose -2*t + z = -0*z + 7, t + d*z = 1. What are the prime factors of 0*t/9 + 2?
2
Suppose 3*d + 0 - 6 = 0, x - d - 106 = 0. What are the prime factors of ((-1)/3)/((-4)/x)?
3
Suppose -2*y = -0*y - 3*m + 29, 60 = -5*y + 5*m. Let s = 17 + y. What are the prime factors of s?
2, 5
Let m be (4 - (0 - -2))*-2. Let f = 0 - m. Suppose 4 - 32 = -f*s. List the prime factors of s.
7
Let f(j) = j**2 - 3*j - 2. Let m be f(3). Let i be ((-2)/(-3))/(m/(-15)). List the prime factors of (0 - i)*8/(-10).
2
Let y(a) = a**2 - 7*a + 10. Let z(v) = v**2 - 7*v + 9. Let d(p) = 5*y(p) - 6*z(p). List the prime factors of d(6).
2
Let l(d) = -5*d**3 - 2*d**2 + 1. Let p be l(-1). Suppose h + 69 = p*c - 2*h, 3*c = h + 53. List the prime factors of c.
2, 3
Suppose -4*n = -r - 2*r - 210, 2*n = 2*r + 104. Suppose 0*t - 79 = 2*t + 5*m, 2*t + 72 = 2*m. Let k = t + n. What are the prime factors of k?
17
Let b = 1 + 6. Suppose 9*w = b*w + 4. What are the prime factors of w?
2
What are the prime factors of 147 - (24/16)/(1/2)?
2, 3
Let x(h) be the first derivative of h**3/3 - 5*h**2/2 + 6*h + 1. Let t = -7 + 11. List the prime factors of x(t).
2
Let w(j) = j**3 - 5*j**2 - 5*j - 6. Let s be w(6). Suppose s*t - t = -13. What are the prime factors of t?
13
Let y(a) = a + 53*a**2 + 28*a**2 - 1 - 15*a**2. Let w be y(1). List the prime factors of w/10 + (-2)/(-5).
7
Suppose -w - 1 + 3 = 0. What are the prime factors of -2 - 0 - (-18 + w)?
2, 7
Let k = -30 - -57. Suppose -s + 0*s + k = 0. List the prime factors of s.
3
What are the prime factors of 18/15*(-40)/(-6)?
2
Let l(i) = i**2 - i + 4. Let m(s) = -s**3 - 10*s**2 + s + 10. Let g be m(-10). List the prime factors of l(g).
2
Suppose 5*n = 1 - 11. Let l be -27*((-10)/3 - n). Suppose d - l = -d. List the prime factors of d.
2, 3
Let t = -7 - -8. Let b be (3 - 2/1)/t. Let r = 1 + b. List the prime factors of r.
2
Let h = 29 - 21. Let p = -1 + h. What are the prime factors of p?
7
List the prime factors of (-251)/(-11) + (-14)/(-77).
23
Let b(z) = z**3 + 15*z**2 - 2*z + 8. What are the prime factors of b(-15)?
2, 19
Let z(o) = o**2 + 2. Let k be z(2). Let p(n) = n**3 - 5*n**2 - n + 5. Let s be p(5). Suppose j - k + 4 = s. List the prime factors of j.
2
What are the prime factors of 4*5/110 + 2583/11?
5, 47
Let a be (12/(-15))/(2/(-5)). Suppose 0 = o - a*o + 7. List the prime factors of o.
7
Let v(p) = -p**3 - 3*p**2 + 5*p + 6. Let g be v(-4). Let j be 1 - 0 - g - -2. Suppose j = -z + 5. What are the prime factors of z?
2
What are the prime factors of ((-17)/(-4) - 3)*36?
3, 5
Let r be 1/1 + (-6)/(-3). Suppose 5*u + r*a = 114, 4*u - 120 = -u - 5*a. What are the prime factors of u?
3, 7
Suppose 0 = -5*d + 1 + 4. What are the prime factors of 17 + -5 - 1/d?
11
Let y(v) = -v**2 - 18*v + 1. Let o be y(-18). Suppose -5*r = 5*k - 80, -k + 2*r + o = -27. List the prime factors of k.
2, 5
Let x be (1 + 3)*5/4. Suppose -o - 3*n = -27 + x, 3*o + 5*n = 58. List the prime factors of o.
2
Suppose -h = 4*h + 10. Let n be 1/h*0/1. Let z = 11 + n. What are the prime factors of z?
11
Suppose 33 = -3*y + z, -2*y - 2*z - 2*z - 36 = 0. Let r = -7 - y. Let f(u) = 2*u**2 - 7*u - 2. What are the prime factors of f(r)?
13
Suppose 4 = -5*m - c - 2, 4*c = 4*m. Let h(y) = 5*y + 1. Let w be h(2). What are the prime factors of w - (-2 - (m - -1))?
13
Let a be (-28)/(-15) - 6/(-45). Let d = a + 8. List the prime factors of d.
2, 5
Suppose -2*f + 4 = q - 10, 2*q - 19 = -f. What are the prime factors of q?
2
Let q(i) be the first derivative of 4*i - 2 + 8/3*i**3 - 1/4*i**4 - 3*i**2. What are the prime factors of q(7)?
11
What are the prime factors of -3 + 4 + 664/4 + -3?
2, 41
What are the prime factors of 3/15 - 518/(-10)?
2, 13
Suppose -4*s = -8 - 4. Suppose -4*f + s*m + 98 = 8*m, 5*m + 37 = f. List the prime factors of (0 - f/(-6))*4.
2, 3
Let n be -4*-1*(-2 - -3). Suppose 26 = n*y - 46. List the prime factors of y.
2, 3
Let v(p) = -p + 1. Let b be v(1). Suppose b = 2*a - 15 + 1. What are the prime factors of a?
7
Let g = 23 + -13. What are the prime factors of g?
2, 5
Let w be (-1)/((1/(-4))/1). What are the prime factors of (-156)/(-18)*(w + -1)?
2, 13
Suppose 0 = -3*o - 2*q + 187, 3*o - 221 + 59 = 3*q. What are the prime factors of o?
59
Suppose -3*a + 199 = -29. List the prime factors of a.
2, 19
Let i(m) = -m**3 + 12*m**2 + 2*m - 18. List the prime factors of i(12).
2, 3
Suppose 4*m + 134 = 2*x, 4*x - m = 3*m + 288. List the prime factors of x.
7, 11
Let n(v) be the first derivative of -v**4/4 + 2*v**3 - v**2 - 6*v - 3. Suppose 5*h + 10 = 0, j + h = 2*j - 7. List the prime factors of n(j).
3
Let v be 4/3 + (-2)/(-3). Suppose -3*r = v*r - 10. What are the prime factors of -4*(-3)/r + -2?
2
Let y be 35/(-10)*(-3 - 1). Let a = y - 6. List the prime factors of a.
2
Let u = 59 + 18. What are the prime factors of u?
7, 11
Suppose 0 = -4*t + 5*l, -t + 5*l = t + 10. Suppose -t*u = -u + 3*p - 141, -76 = -2*u + 4*p. Suppose 7*f = 3*f + u. What are the prime factors of f?
3
Suppose -5*z = -13 - 7. Suppose -z*n - 65 = n. Let s = n + 23. What are the prime factors of s?
2, 5
Suppose 4*j - 31 = 4*r - 3, 2*j + 5*r = 0. Suppose -17 + j = -2*f. What are the prime factors of f?
2, 3
Suppose 0 = 5*l - 29 - 41. Suppose -l = 4*n - 34. List the prime factors of n.
5
List the prime factors of ((145 - -2)/(-3))/(-1).
7
Suppose 2*l - 162 = 314. List the prime factors of l.
2, 7, 17
Let o(p) = -19*p + 2. Let w be o(-1). What are the prime factors of 763/w + 2/3?
37
Suppose -3*x + 5*a = 4*a - 9, 0 = 3*x + 3*a - 9. Let b be (-3)/(-18) - (-26)/(-12). List the prime factors of (b - -2) + -1 + x.
2
List the prime factors of (84/(-4))/(9/(-24)).
2, 7
List the prime factors of (-2 + 0 - -51)/((-6)/(-6)).
7
Let x = 4 + -5. List the prime factors of (-42 + 4)/(x - 1).
19
Let x(f) = -5*f**3 + f**2 + 2*f + 1. Suppose 0 = -5*v - 4*a - 13, -3*a - 4 = -a. List the prime factors of x(v).
5
Suppose -2*w = -8*w + 480. What are the prime factors of w?
2, 5
Suppose -5*r + 225 = 5*d, -3*r = -2*d - 3*d + 257. List the prime factors of d.
7
List the prime factors of (-4)/12*1 - (-469)/3.
2, 3, 13
Suppose 4*t = -y - 1, y + y + 4*t + 22 = 0. Let b = 54 + y. What are the prime factors of b?
3, 11
Let o be 16/6 - (-4)/(-6). Suppose 1 = -4*x - z, 2 + 0 = -2*z. Suppose o*l - 18 = -x. What are the prime factors of l?
3
Let f be (0 + 5)*(-1 + 2). List the prime factors of 21/f + (-9)/45.
2
Suppose -4*c = -c + v - 83, 129 = 4*c + 5*v. List the prime factors of c.
2, 13
Let q be (-5 + 0)*(-1 - -2). Let k = -1 - q. What are the prime factors of k?
2
List the prime factors of (-7)/((15/(-3))/35).
7
Let c = 4 + -1. Let m = 1 + c. Suppose 4*p - 20 = -m. What are the prime factors of p?
2
Suppose -5*g + 45 = -2*d, 3*g + 5 = -3*d + 11. List the prime factors of g.
7
Let b be ((-20)/(-50))/(1/(-20)). List the prime factors of (-33)/(-4) - 6/b.
3
Let j be (15/(-6) - 0)*-2. Let b = -3 + j. List the prime factors of b.
2
Let o be 22/((-1)/(-1 - -2)). Let d = 14 + o. Let a = d + 16. List the prime factors of a.
2
Let p be 46/(-6) - 4/(-6). Let l(h) = -2*h + 2*h - h. What are the prime factors of l(p)?
7
Suppose 0 = b + 2 - 1. Let j = -2 - b. List the prime factors of 9/(j + 2/1).
3
Let i(v) = 10*v**3 - 4*v**2 + 8*v - 1. List the prime factors of i(3).
257
Suppose -4*a = -a - 3. Suppose -o = -12 - a. What are the prime factors of o?
13
Let w = -11 - -13. Suppose -5*g - w*d + 110 = -7*d, 5*g = -3*d + 134. List the prime factors of g.
5
Suppose 3*j - 107 = 4. What are the prime factors of j?
37
Let v(l) = l**2 - 5*l + 4. Let u be v(5). What are the prime factors of -1*u/(4/(-47)